{"id":160,"date":"2017-08-10T17:40:58","date_gmt":"2017-08-10T15:40:58","guid":{"rendered":"http:\/\/karatepalavas.fr\/?page_id=160"},"modified":"2025-07-13T22:22:31","modified_gmt":"2025-07-13T20:22:31","slug":"professeur","status":"publish","type":"page","link":"https:\/\/karatepalavas.fr\/?page_id=160","title":{"rendered":"PROFESSEURS"},"content":{"rendered":"\n<figure class=\"wp-block-image size-large\"><img loading=\"lazy\" decoding=\"async\" width=\"1024\" height=\"595\" src=\"https:\/\/karatepalavas.fr\/wp-content\/uploads\/2023\/11\/FB5EFBB8-11B6-4EDB-9A59-1917849E0096-1024x595.jpg\" alt=\"\" class=\"wp-image-1458\" srcset=\"https:\/\/karatepalavas.fr\/wp-content\/uploads\/2023\/11\/FB5EFBB8-11B6-4EDB-9A59-1917849E0096-1024x595.jpg 1024w, https:\/\/karatepalavas.fr\/wp-content\/uploads\/2023\/11\/FB5EFBB8-11B6-4EDB-9A59-1917849E0096-300x174.jpg 300w, https:\/\/karatepalavas.fr\/wp-content\/uploads\/2023\/11\/FB5EFBB8-11B6-4EDB-9A59-1917849E0096-768x446.jpg 768w, https:\/\/karatepalavas.fr\/wp-content\/uploads\/2023\/11\/FB5EFBB8-11B6-4EDB-9A59-1917849E0096.jpg 1440w\" sizes=\"auto, (max-width: 1024px) 100vw, 1024px\" \/><\/figure>\n\n\n\n<p><strong>Christophe PETAGNA PROFESSEUR &nbsp;\/ &nbsp;DIRECTEUR TECHNIQUE DU CLUB<br><\/strong>Ceinture noire 3\u00e8me Dan<br>Champion de France combat<br>Dipl\u00f4m\u00e9 d&rsquo;\u00e9tat 2\u00e8me degr\u00e9 &nbsp;DESJEPS<br><br><strong>STEPHANE FONTANA<\/strong><br>Titulaire d&rsquo;un dipl\u00f4me d&rsquo;animateur f\u00e9d\u00e9ral FFKDA<br>St\u00e9phane s&rsquo;occupe de la section adulte grad\u00e9s et la section s\u00e9nior.<br><br><strong>PHILIPPE SCHWILDEN<\/strong><br>Titulaire d&rsquo;un dipl\u00f4me d&rsquo;animateur f\u00e9d\u00e9ral FFKDA<br>Philippe s&rsquo;occupe des cours du vendredis soir<\/p>\n\n\n\n<p><br><strong>ADELINE ROUX\u00a0<\/strong><br>Titulaire d&rsquo;un Dipl\u00f4me d&rsquo;animateur F\u00e9d\u00e9ral FFKDA<br>Adeline s&rsquo;occupe de la section BABY KARATE<br><br><strong>CHICO\u00a0<\/strong><br>Titulaire d&rsquo;un Dipl\u00f4me d&rsquo;animateur F\u00e9d\u00e9ral FFKDA<br><br><strong>NOELIE VINCENT<\/strong><br>Titulaire d&rsquo;un Dipl\u00f4me d&rsquo;animateur F\u00e9d\u00e9ral FFKDA<br>Ceinture noire 1er Dan<\/p>\n\n\n\n<p><\/p>\n","protected":false},"excerpt":{"rendered":"<p>Christophe PETAGNA PROFESSEUR &nbsp;\/ &nbsp;DIRECTEUR TECHNIQUE DU CLUBCeinture noire 3\u00e8me DanChampion de France combatDipl\u00f4m\u00e9 d&rsquo;\u00e9tat 2\u00e8me degr\u00e9 &nbsp;DESJEPS STEPHANE FONTANATitulaire d&rsquo;un dipl\u00f4me d&rsquo;animateur f\u00e9d\u00e9ral FFKDASt\u00e9phane s&rsquo;occupe de la section adulte grad\u00e9s et la section s\u00e9nior. PHILIPPE SCHWILDENTitulaire d&rsquo;un dipl\u00f4me d&rsquo;animateur f\u00e9d\u00e9ral FFKDAPhilippe s&rsquo;occupe des cours du vendredis soir ADELINE ROUX\u00a0Titulaire d&rsquo;un Dipl\u00f4me d&rsquo;animateur F\u00e9d\u00e9ral FFKDAAdeline &hellip; <\/p>\n<p class=\"link-more\"><a href=\"https:\/\/karatepalavas.fr\/?page_id=160\" class=\"more-link\">Read More<span class=\"screen-reader-text\"> \u00ab\u00a0PROFESSEURS\u00a0\u00bb<\/span><\/a><\/p>\n","protected":false},"author":1,"featured_media":0,"parent":0,"menu_order":0,"comment_status":"closed","ping_status":"closed","template":"","meta":{"footnotes":""},"class_list":["post-160","page","type-page","status-publish","hentry"],"_links":{"self":[{"href":"https:\/\/karatepalavas.fr\/index.php?rest_route=\/wp\/v2\/pages\/160","targetHints":{"allow":["GET"]}}],"collection":[{"href":"https:\/\/karatepalavas.fr\/index.php?rest_route=\/wp\/v2\/pages"}],"about":[{"href":"https:\/\/karatepalavas.fr\/index.php?rest_route=\/wp\/v2\/types\/page"}],"author":[{"embeddable":true,"href":"https:\/\/karatepalavas.fr\/index.php?rest_route=\/wp\/v2\/users\/1"}],"replies":[{"embeddable":true,"href":"https:\/\/karatepalavas.fr\/index.php?rest_route=%2Fwp%2Fv2%2Fcomments&post=160"}],"version-history":[{"count":31,"href":"https:\/\/karatepalavas.fr\/index.php?rest_route=\/wp\/v2\/pages\/160\/revisions"}],"predecessor-version":[{"id":1732,"href":"https:\/\/karatepalavas.fr\/index.php?rest_route=\/wp\/v2\/pages\/160\/revisions\/1732"}],"wp:attachment":[{"href":"https:\/\/karatepalavas.fr\/index.php?rest_route=%2Fwp%2Fv2%2Fmedia&parent=160"}],"curies":[{"name":"wp","href":"https:\/\/api.w.org\/{rel}","templated":true}]}}

<figure class="wp-block-image size-large"><img loading="lazy" decoding="async" width="1024" height="595" src="https://karatepalavas.fr/wp-content/uploads/2023/11/FB5EFBB8-11B6-4EDB-9A59-1917849E0096-1024x595.jpg" alt="" class="wp-image-1458" srcset="https://karatepalavas.fr/wp-content/uploads/2023/11/FB5EFBB8-11B6-4EDB-9A59-1917849E0096-1024x595.jpg 1024w, https://karatepalavas.fr/wp-content/uploads/2023/11/FB5EFBB8-11B6-4EDB-9A59-1917849E0096-300x174.jpg 300w, https://karatepalavas.fr/wp-content/uploads/2023/11/FB5EFBB8-11B6-4EDB-9A59-1917849E0096-768x446.jpg 768w, https://karatepalavas.fr/wp-content/uploads/2023/11/FB5EFBB8-11B6-4EDB-9A59-1917849E0096.jpg 1440w" sizes="auto, (max-width: 1024px) 100vw, 1024px" /></figure>



<p><strong>Christophe PETAGNA PROFESSEUR &nbsp;/ &nbsp;DIRECTEUR TECHNIQUE DU CLUB<br></strong>Ceinture noire 3ème Dan<br>Champion de France combat<br>Diplômé d&rsquo;état 2ème degré &nbsp;DESJEPS<br><br><strong>STEPHANE FONTANA</strong><br>Titulaire d&rsquo;un diplôme d&rsquo;animateur fédéral FFKDA<br>Stéphane s&rsquo;occupe de la section adulte gradés et la section sénior.<br><br><strong>PHILIPPE SCHWILDEN</strong><br>Titulaire d&rsquo;un diplôme d&rsquo;animateur fédéral FFKDA<br>Philippe s&rsquo;occupe des cours du vendredis soir</p>



<p><br><strong>ADELINE ROUX </strong><br>Titulaire d&rsquo;un Diplôme d&rsquo;animateur Fédéral FFKDA<br>Adeline s&rsquo;occupe de la section BABY KARATE<br><br><strong>CHICO </strong><br>Titulaire d&rsquo;un Diplôme d&rsquo;animateur Fédéral FFKDA<br><br><strong>NOELIE VINCENT</strong><br>Titulaire d&rsquo;un Diplôme d&rsquo;animateur Fédéral FFKDA<br>Ceinture noire 1er Dan</p>



<p></p>

<p>Christophe PETAGNA PROFESSEUR &nbsp;/ &nbsp;DIRECTEUR TECHNIQUE DU CLUBCeinture noire 3ème DanChampion de France combatDiplômé d&rsquo;état 2ème degré &nbsp;DESJEPS STEPHANE FONTANATitulaire d&rsquo;un diplôme d&rsquo;animateur fédéral FFKDAStéphane s&rsquo;occupe de la section adulte gradés et la section sénior. PHILIPPE SCHWILDENTitulaire d&rsquo;un diplôme d&rsquo;animateur fédéral FFKDAPhilippe s&rsquo;occupe des cours du vendredis soir ADELINE ROUX Titulaire d&rsquo;un Diplôme d&rsquo;animateur Fédéral FFKDAAdeline &hellip; </p>
<p class="link-more"><a href="https://karatepalavas.fr/?page_id=160" class="more-link">Read More<span class="screen-reader-text"> « PROFESSEURS »</span></a></p>
